{"id":415,"date":"2015-09-14T23:52:20","date_gmt":"2015-09-14T23:52:20","guid":{"rendered":"http:\/\/magiaperu.pe\/pinares\/?page_id=415"},"modified":"2018-04-04T18:29:16","modified_gmt":"2018-04-04T18:29:16","slug":"joan-torre","status":"publish","type":"page","link":"http:\/\/pinaresabogados.com\/index.php\/joan-torre\/","title":{"rendered":"Joan Enrique Torre Pinares"},"content":{"rendered":"<p>[vc_row][vc_column width=&#8221;1\/2&#8243;][vc_column_text]<\/p>\n<p style=\"text-align: justify;\">Abogado por la Pontificia Universidad Cat\u00f3lica del Per\u00fa. Tiene amplia experiencia en asesor\u00eda legal empresarial y temas de propiedad intelectual.<\/p>\n<p style=\"text-align: justify;\"><strong>Experiencia profesional previa<\/strong><\/p>\n<p style=\"text-align: justify;\">Ha sido analista de los sectores de energ\u00eda, hidrocarburos e infraestructura para la revista de econom\u00eda SEMANAecon\u00f3mica. Actualmente es miembro del directorio de diversas empresas en el campo de gesti\u00f3n y planificaci\u00f3n empresarial.<\/p>\n<p><strong>Actividad Acad\u00e9mica\u00a0\u00a0\u00a0\u00a0\u00a0\u00a0\u00a0\u00a0\u00a0\u00a0\u00a0\u00a0<\/strong><\/p>\n<p style=\"text-align: justify;\">Ha sido miembro de la asociaci\u00f3n estudiantil de derecho penal Iter Criminis de la Pontificia Universidad Cat\u00f3lica del Per\u00fa, y dirigente de la asociaci\u00f3n pol\u00edtica estudiantil FINES.<\/p>\n<p style=\"text-align: justify;\"><strong>Logros y reconocimientos<\/strong><\/p>\n<p style=\"text-align: justify;\">Ha seguido estudios\u00a0 de derecho de propiedad intelectual en la Universidad de Wisconsin-Madison en EE.UU. a trav\u00e9s del programa de intercambio estudiantil de la Pontificia Universidad Cat\u00f3lica del Per\u00fa. Asimismo, se gradu\u00f3 en el d\u00e9cimo superior de su promoci\u00f3n.<\/p>\n<p>[\/vc_column_text][\/vc_column][vc_column width=&#8221;1\/2&#8243;][vc_single_image image=&#8221;954&#8243; img_size=&#8221;large&#8221;][\/vc_column][\/vc_row]<\/p>\n","protected":false},"excerpt":{"rendered":"<p>[vc_row][vc_column width=&#8221;1\/2&#8243;][vc_column_text] Abogado por la Pontificia Universidad Cat\u00f3lica del Per\u00fa. Tiene amplia experiencia en asesor\u00eda legal empresarial y temas de propiedad intelectual. Experiencia profesional previa&#8230;<\/p>\n<p class=\"readmore\"><a class=\"more-btn\" href=\"http:\/\/pinaresabogados.com\/index.php\/joan-torre\/\">Read More<\/a><\/p>\n","protected":false},"author":2,"featured_media":0,"parent":0,"menu_order":0,"comment_status":"open","ping_status":"open","template":"template-portfolio.php","meta":[],"_links":{"self":[{"href":"http:\/\/pinaresabogados.com\/index.php\/wp-json\/wp\/v2\/pages\/415"}],"collection":[{"href":"http:\/\/pinaresabogados.com\/index.php\/wp-json\/wp\/v2\/pages"}],"about":[{"href":"http:\/\/pinaresabogados.com\/index.php\/wp-json\/wp\/v2\/types\/page"}],"author":[{"embeddable":true,"href":"http:\/\/pinaresabogados.com\/index.php\/wp-json\/wp\/v2\/users\/2"}],"replies":[{"embeddable":true,"href":"http:\/\/pinaresabogados.com\/index.php\/wp-json\/wp\/v2\/comments?post=415"}],"version-history":[{"count":9,"href":"http:\/\/pinaresabogados.com\/index.php\/wp-json\/wp\/v2\/pages\/415\/revisions"}],"predecessor-version":[{"id":1012,"href":"http:\/\/pinaresabogados.com\/index.php\/wp-json\/wp\/v2\/pages\/415\/revisions\/1012"}],"wp:attachment":[{"href":"http:\/\/pinaresabogados.com\/index.php\/wp-json\/wp\/v2\/media?parent=415"}],"curies":[{"name":"wp","href":"https:\/\/api.w.org\/{rel}","templated":true}]}}

<p>[vc_row][vc_column width=&#8221;1/2&#8243;][vc_column_text]</p>
<p style="text-align: justify;">Abogado por la Pontificia Universidad Católica del Perú. Tiene amplia experiencia en asesoría legal empresarial y temas de propiedad intelectual.</p>
<p style="text-align: justify;"><strong>Experiencia profesional previa</strong></p>
<p style="text-align: justify;">Ha sido analista de los sectores de energía, hidrocarburos e infraestructura para la revista de economía SEMANAeconómica. Actualmente es miembro del directorio de diversas empresas en el campo de gestión y planificación empresarial.</p>
<p><strong>Actividad Académica            </strong></p>
<p style="text-align: justify;">Ha sido miembro de la asociación estudiantil de derecho penal Iter Criminis de la Pontificia Universidad Católica del Perú, y dirigente de la asociación política estudiantil FINES.</p>
<p style="text-align: justify;"><strong>Logros y reconocimientos</strong></p>
<p style="text-align: justify;">Ha seguido estudios  de derecho de propiedad intelectual en la Universidad de Wisconsin-Madison en EE.UU. a través del programa de intercambio estudiantil de la Pontificia Universidad Católica del Perú. Asimismo, se graduó en el décimo superior de su promoción.</p>
<p>[/vc_column_text][/vc_column][vc_column width=&#8221;1/2&#8243;][vc_single_image image=&#8221;954&#8243; img_size=&#8221;large&#8221;][/vc_column][/vc_row]</p>

<p>[vc_row][vc_column width=&#8221;1/2&#8243;][vc_column_text] Abogado por la Pontificia Universidad Católica del Perú. Tiene amplia experiencia en asesoría legal empresarial y temas de propiedad intelectual. Experiencia profesional previa&#8230;</p>
<p class="readmore"><a class="more-btn" href="http://pinaresabogados.com/index.php/joan-torre/">Read More</a></p>
